is the tens digit of t?
2
Let b(v) = -3*v - 1. Let d be b(-1). Let h(w) = 6*w**2 - w + 1. What is the tens digit of h(d)?
2
Let s = -43 - -75. What is the units digit of s?
2
Suppose 0 = -2*b - 2*b + 688. What is the units digit of b?
2
Suppose 0 = -2*p + 496 - 34. What is the units digit of p?
1
Suppose 105 = 2*h - 5. What is the tens digit of h?
5
Suppose 4*m + 10 = 2*c, -5*c = -3*m - 0*c - 25. Suppose m = 2*d - 36 - 38. What is the units digit of d?
7
Let w(q) = 3*q + 5 - 3*q + q**2 - 4*q - 3*q. What is the units digit of w(7)?
5
Let y(a) be the second derivative of a**4/12 - a**3/6 + 3*a. Let m be y(-1). Suppose -3*d = q - 4, -2*q + 0*q = -m*d. What is the units digit of q?
1
Let t(i) = i**2 + 4*i - 7. Suppose 2*a - 4*n - 6 = 0, -4*a + 3 - 39 = 4*n. Let r be t(a). What is the units digit of (2/r - -7)*1?
6
Suppose l + 4 = -l. Let r be 0 + (-1 - l - -1). Suppose -2*d + 2*k - 4 = 6*k, 3*d = -5*k - r. What is the units digit of d?
6
What is the tens digit of 2 + -2 + 0 + 32?
3
Let u be (-4)/6 + 184/6. Suppose -4*f - 4*r - 24 = 0, -5*f - u = -0*f - 3*r. What is the units digit of (-1)/3 - 32/f?
5
Let p be ((-9)/(-6))/(2/4). Suppose p*r + r = 24. What is the units digit of r?
6
Let m = 15 + -13. What is the units digit of m*4/(-4)*-9?
8
What is the units digit of (-1 - 1095/(-6))*4/6?
1
Let i be (8/3)/((-2)/(-21)). Suppose -5*o = -4*x + 14 + i, -5*x + 30 = 5*o. Let a = x + -3. What is the units digit of a?
5
Suppose 0 = 2*l - 2*n + 6, 2*l + n + 6 = -3*n. What is the units digit of -1 + l/((-9)/21)?
6
Let s(d) = -d**2 - 5*d + 2. Let x(l) = -l**2. Let f(v) = s(v) - 2*x(v). Let u be f(5). Let h = 4 + u. What is the units digit of h?
6
Let d be 9 + -11 + 1 + 1. Suppose 3*t + d*t - 84 = 0. What is the units digit of t?
8
Let z(g) = -7*g - 6. Let i(s) = s**3 - 5*s**2 - 8*s + 9. Let x be i(6). What is the tens digit of z(x)?
1
Suppose 3*x - 220 = 2*j, 0*j - j = 2. What is the tens digit of x?
7
Let s = 297 + -89. What is the units digit of s?
8
Let q = -3 + 3. Suppose -3*m + 0 + 42 = q. What is the units digit of m?
4
Suppose o = -0*o + 38. Suppose -n = 2*a, -o = -5*n - a + 7. What is the tens digit of n?
1
Suppose -4*n + p + 15 = 0, 2*n - 3*p = -6*p + 25. Suppose -4 = -z - 3. Suppose z = v - n. What is the units digit of v?
6
Suppose 5 = -g + 6*g. Let k(u) = -g + 4*u - u - 5*u. What is the units digit of k(-3)?
5
What is the tens digit of (-2)/(-9) + (-1070)/(-45)?
2
Suppose -7 = 4*d - 107. What is the units digit of d?
5
Let z(j) = 5*j + 53. What is the units digit of z(-10)?
3
Suppose 161 - 1365 = -7*h. What is the tens digit of h?
7
Let r = 54 - 17. Let w = 52 - r. What is the units digit of w?
5
Let u = -3 + 8. Suppose -u = 3*r - 11. What is the units digit of r?
2
Let x = -43 - -68. Suppose -h = -2*p - 2*p + 45, -5*h = 5*p - x. Suppose -6 = -2*a + p. What is the units digit of a?
8
Let t(c) be the third derivative of -c**6/120 - 7*c**5/60 + 7*c**4/24 + 11*c**3/6 + 2*c**2. What is the units digit of t(-8)?
9
Suppose -1 + 3 = t. Suppose t*f + f - 24 = 0. What is the units digit of f?
8
Suppose -2*r - 201 = -3*v, 3*v - 2*r = -r + 198. Suppose 2*t - v = -5*x, -31 - 9 = -t - 4*x. What is the tens digit of t?
2
Let k = -27 - -46. Suppose 59 = 7*w + 17. Let a = k - w. What is the units digit of a?
3
Let u = 183 + 56. What is the units digit of u?
9
Let j be 24 + 3*(-1 + 2). Let l = j + -19. What is the units digit of l?
8
Let i(q) = -q**2 - 4*q + 2. Let p be i(-3). Suppose -p*h + 77 = t, 3*h = h + 3*t + 24. What is the tens digit of h?
1
Suppose -f - 78 = -85. Let c(b) = 41*b**2 - b. Let q be c(-1). What is the units digit of 45/f - 18/q?
6
Let h be (7/14)/((-2)/48). What is the units digit of 2/h + (-37)/(-6)?
6
Suppose 2*f - 2*x = 22, 3*f - 6*x + 2*x = 38. Let l = f + -3. What is the units digit of l?
3
Let j = 5 + -6. Let w be -4 + 4 + (j - -15). What is the units digit of 3/(1/(-1)) + w?
1
Suppose 0 = -l - l - 26. Let t = l - -17. What is the units digit of t?
4
Suppose -6 = -3*h - h - 5*d, -3*d = -6. Let g(y) = -y - 7. Let s be g(-6). What is the units digit of 3 - (2/s - h)?
4
Let x = -11 - 5. Let y be (x/(-20))/((-2)/(-5)). Suppose -60 = -3*m - y*m. What is the units digit of m?
2
Let j(v) = v**3 + 12*v**2 + 3*v - 5. Let z be j(-12). Let f = z + 74. What is the units digit of f?
3
Let p be (2 + 7)/((-6)/(-4)). Let u(s) = s + 8. Let t be u(p). Let i = 21 - t. What is the units digit of i?
7
Suppose 2*h + 2 - 8 = 0. Suppose 9 = h*a + 5*r - 5, -2*a = 5*r - 11. What is the units digit of a?
3
Let f = -48 + 391. What is the tens digit of f?
4
Let t = 16 - 26. Let i(c) = 3*c + 1. Let w(v) = v. Let s(y) = i(y) - 4*w(y). What is the tens digit of s(t)?
1
Let z be (0 - 25)/(3 - 4). Let v(n) = n + 19. Let t be v(-9). Let q = z - t. What is the tens digit of q?
1
Let g(m) = m**3 + m**2 - m + 1. Let y be g(1). What is the units digit of (2/6)/(y/36)?
6
Suppose -2*t - 10 = 0, -t - 29 + 1 = -q. Suppose -q = -3*v + 28. What is the tens digit of v?
1
Let w(y) = 3*y + 5. What is the tens digit of w(6)?
2
Suppose 5*y + 13 = 78. What is the units digit of y?
3
Let l be (0 - (-3)/1) + 27. Suppose 0*n - 3*n = -l. What is the tens digit of n?
1
Suppose 61*a - 53*a - 1880 = 0. What is the tens digit of a?
3
Suppose 0 = b - 85 + 8. What is the units digit of b?
7
Let s(a) = a - 2. Let i be s(7). What is the tens digit of 5/(50/52)*i?
2
Suppose -4*w + 4*b = 0, -4*w - b + 4 + 16 = 0. What is the tens digit of 0 + w + 4*9?
4
Let a(k) be the first derivative of -1/3*k**3 - 1 + 3/2*k**2 + 2*k. What is the units digit of a(3)?
2
Suppose s + 3*w - 4 = 2*s, -4*s + w = 5. Let m be 2/(5 + s)*0. Suppose 0 = 4*n + 4*z - 8 - 24, m = -5*z + 5. What is the units digit of n?
7
What is the units digit of (-1 - 82/(-8))*4?
7
Suppose -12*n = -2*n - 2260. What is the units digit of n?
6
Suppose 3*o - 167 = 13. Suppose 3*x - 4*t + 25 = 0, x + 2*x = -3*t - o. What is the units digit of ((-6)/9)/2*x?
5
Let m(k) = -7*k - 7. Suppose 3 = -2*u - 11. Let t be m(u). Suppose -4*q + t - 6 = 0. What is the units digit of q?
9
Let k(x) be the third derivative of -x**4/24 + 5*x**3/3 - 2*x**2. Let b = 21 - 12. What is the units digit of k(b)?
1
Let s(u) = -6*u - 17. What is the units digit of s(-4)?
7
Let p be 4/(-2)*9/(-6). Suppose -p*u - 18 = 6. Let r = -5 - u. What is the units digit of r?
3
What is the units digit of -1 + -1 - -1 - -42?
1
Let r(q) = -3*q - 5. Let u be r(-3). Suppose -30 = u*a - 118. What is the tens digit of a?
2
Let f = 9 - 6. Suppose 4*m = 2*v + 278, f*m - 181 = -v + 35. Suppose -m = -5*i - 16. What is the units digit of i?
1
Suppose -5*n - 4*v + 136 = -0*n, -2*n - 3*v = -53. Suppose -t = -2*x + n, x - 2*t = 4*x - 35. What is the tens digit of x?
1
Let b be (-12 - -8)*(0 - 1). Suppose 0 = -0*q + 2*q - 10. Suppose 2*a = b*h - 108 + 36, -5*a = -q*h + 100. What is the tens digit of h?
1
Let n(q) = 11*q**3 - q**2 + q. Let w(s) = -s**2 + 2*s + 1. Let m be w(2). What is the units digit of n(m)?
1
Suppose -53 = -2*y + 25. What is the tens digit of y?
3
Let j = 6 + -2. Suppose j*o - o + 2*i = -17, -2*o = -5*i - 14. What is the units digit of (o/(-6))/((-1)/(-2))?
1
Suppose 0 = o + 3, 3*t = 6*t + 2*o - 102. Suppose -6*n + 2*n = -t. What is the units digit of n?
9
Let u = 116 + -56. Suppose -8*g = -5*g - u. What is the units digit of g?
0
Let i = 2 + 44. What is the units digit of i?
6
Let g(x) = -6*x**3 + 2*x**2 + 4*x + 2. Let c be g(-2). Suppose -c = -4*q + 2*q. What is the tens digit of q?
2
What is the units digit of 18*(-12)/16*-4?
4
Let h(j) = -j**3 - 5*j**2 + 6*j - 1. Let g be h(-6). What is the units digit of g/(2/(-3 + -3))?
3
Suppose -3*r + 6 = -6. Let v = 9 + r. What is the units digit of v?
3
Let y = -107 - -343. What is the tens digit of y?
3
Let c = -42 + 27. Let t = -6 - c. What is the units digit of t?
9
Let t(w) = w**3 + 3*w**2 + 4*w + 5. Let i be t(-4). Let o = -14 - i. What is the units digit of o?
3
Let j(v) = -4*v**2 - 8*v**2 + 17 - v**2 + 12*v + v**3. What is the units digit of j(12)?
7
Let h(s) = 25*s**2 + s + 3. Let j be h(-3). Suppose 4*u + u = j. What is the tens digit of u?
4
What is the tens digit of ((-1)/(-3))/(4/1164)?
9
Let m be 52/(4 - 2 - 0). Let v = m + -11. What is the units digit of v?
5
Let s(j) = -j**3 + 9*j**2 + 2. Let y be s(9). Suppose -3*m = y